 y be 1 + a + -2 - -3. Suppose -6 = y*s - 21. What is the units digit of s?
3
Suppose -2*y + 165 = 3*y. What is the units digit of y?
3
Let c(j) be the third derivative of j**4/4 - 2*j**2. Suppose w = -3*p - 7, 3*w + 6 = 2*p - 6*p. What is the tens digit of c(w)?
1
Let z(u) = 2*u**2 - 3*u - 11. What is the units digit of z(7)?
6
Suppose 2*t = -3*k - k + 12, t = -2. Suppose 0 = -k*i + 3*i + 5. Suppose -i*m - 4*q = 3 + 7, 3*m - 31 = 5*q. What is the units digit of m?
2
Suppose 4*t = 8*t + 16. Let q be (12 + t)*(-2)/(-4). What is the units digit of (-8)/(-2) - (-6 + q)?
6
Suppose -14*m - 188 = -18*m. What is the units digit of m?
7
Suppose 2*d + 2*d - 2*s - 150 = 0, -4*d + 168 = 4*s. What is the units digit of d?
9
Let r(o) = 76*o**3 - 2*o + 2. What is the tens digit of r(1)?
7
Let v(m) = -m + 10. What is the tens digit of v(0)?
1
Let c be 2/((-3)/(-60)*-2). Let w = 59 + c. What is the units digit of w?
9
Suppose -x = 5*n - 41, -1 = -0*n - n. What is the tens digit of x?
3
Suppose 2*b - 5*b + 54 = 0. What is the tens digit of b?
1
Suppose 0*a + 4*a = -4, 19 = -3*k - 4*a. Let z(c) = -c**2 - 8*c - 3. What is the tens digit of z(k)?
1
Suppose 4*j - 2*j - 23 = 3*s, -j + 10 = -3*s. What is the units digit of j?
3
Let d(m) = -2 + 7*m + 0 + 1. What is the tens digit of d(4)?
2
Let d(f) = 2*f**2 + 8*f - 5. Let x(r) = -r. Let l(o) = d(o) + 4*x(o). What is the tens digit of l(4)?
4
Let w(b) = 47*b**3 - 2*b**2 - b + 2. What is the units digit of w(1)?
6
Let i(d) = d**3 + 7*d**2 + d + 9. Let x be i(-7). Let n be (2 - 3) + 0 + -1. What is the units digit of 6 + n*x/4?
5
Suppose b + 253 = -2*k + 7*k, -k - 3*b = -41. What is the units digit of k?
0
Suppose -2*r = 5*q - 0*r - 331, 3*r - 128 = -2*q. What is the tens digit of q?
6
Let s(q) be the first derivative of 2*q**3/3 + 3*q**2 + 2*q - 1. Let g be s(-4). Suppose 0 = -2*n - 0*n + g. What is the units digit of n?
5
Let o(n) = 8*n**2 - n. Let g(h) = -h + 1. Let a be g(-4). Suppose 2*k + a = -3*k. What is the units digit of o(k)?
9
Suppose 3*m - 427 - 5 = 0. What is the units digit of m?
4
Suppose 3*x + 1 = 2*u - 3*u, -x - 47 = -3*u. Let o = 30 - u. What is the tens digit of o?
1
Let s = -1 - -3. Suppose -p - s = -3. What is the units digit of p?
1
Let t(z) = -z**2 + 6*z + 1. What is the units digit of t(5)?
6
What is the tens digit of (6 - 0)/(-2 - 177/(-84))?
5
Let y(k) be the second derivative of -1/2*k**2 + 2*k + 1/12*k**4 + 0 - 5/6*k**3. What is the units digit of y(6)?
5
Let r(c) = 139*c - 7. What is the hundreds digit of r(2)?
2
Suppose 5*i + 15 = 0, 2*f = -2*f - 4*i + 176. What is the tens digit of f?
4
Let z = 7 - 11. What is the units digit of 42/z*16/(-12)?
4
Let u be (-28)/(-6) + 2/6. Suppose -7 = -y + u. Suppose l - 2*j = -3 - 0, 2*l + 5*j - y = 0. What is the units digit of l?
1
Let r = 24 - 10. What is the tens digit of (r/(-4) - -3)*-22?
1
Let a = 10 - 4. Let u(c) = -c**3 + 5*c**2 + 8*c - 3. What is the units digit of u(a)?
9
Let m(p) = 12*p. What is the tens digit of m(15)?
8
Let b be (-2)/4 - 34/(-4). Let v = b - -6. What is the units digit of v?
4
Let w(d) = -d**3 + 10*d**2 - 7*d - 5. Let h be w(7). Let i be (h/15)/(2/10). Suppose -3*y = 4 - i. What is the units digit of y?
9
Let s be 6/(-3) + 2 - 2. Let c = s - -8. What is the units digit of c?
6
Let l(j) = -j**3 - 2*j**2 - 3*j - 9. What is the tens digit of l(-6)?
5
What is the tens digit of (320/15)/((-4)/(-6))?
3
Let c be (-48)/(-20) - 3/(-5). Let a(h) = -h**3 + 5*h**2 - 3*h - 4. Let l be a(c). Suppose -l*m + 77 = -8. What is the units digit of m?
7
Let s(b) = 5*b**2 + 2 - 59*b + 59*b. What is the units digit of s(-2)?
2
Let g(y) = -y + 13. Let f be g(-11). Let v = f + -10. Let s = 29 - v. What is the tens digit of s?
1
Let h = -6 - -2. Let i be 2/4*(4 - h). Suppose m = -n + i + 5, -2*m + 30 = 4*n. What is the units digit of n?
6
Suppose 153 = 5*t - 17. What is the units digit of t?
4
Let q(r) = 4*r - 4. Let f be q(7). Suppose -f = 3*p + 5*z - 84, 0 = -5*z + 15. What is the units digit of p?
5
Let n(y) = y**2 - 3. Suppose b = -4*b - 10. Let m = -5 - b. What is the units digit of n(m)?
6
Let s(g) = 19*g + 8. What is the units digit of s(5)?
3
Suppose -2*l + 32 = -44. What is the tens digit of l?
3
Let s(x) = -4*x. Let u be s(-1). Let p(v) = v**3 - v + 36. Let t be p(0). Suppose -t = -3*h - u*f, -4*f - 14 = 5*h - 66. What is the units digit of h?
8
Suppose 4*y + 3*c = -16 + 1, 15 = -3*c. Suppose d - 4*o = o + 2, -d - o + 8 = y. What is the units digit of d?
7
Suppose -4*j = 2*f + 2, 2*j - 4*f + 7 = -7*f. What is the units digit of j?
1
Suppose 3*h + 8 = -10. What is the tens digit of h/9 - 76/(-6)?
1
Suppose 3*h - 76 = -3*q + 5*q, -3*h + 3*q + 72 = 0. Suppose 3*s - s - h = 0. What is the tens digit of s?
1
Let a(b) = b - 1 + 0*b + 5*b**2 + 8*b**2. What is the tens digit of a(1)?
1
Suppose -2*y + 94 = 4*h, y = 6*h - 4*h + 27. What is the units digit of y?
7
Let t(h) = -2*h**2 + 3*h + 6. Let n(j) = 3*j**2 - 7*j - 11. Let u(b) = 3*n(b) + 5*t(b). Let a(l) = -5*l. Let f be a(1). What is the units digit of u(f)?
2
Let q = 47 - 34. What is the units digit of q?
3
Let k be 390/9 - 2/(-3). Suppose -k = -3*q + 2*p, -5*p + 0*p + 51 = 4*q. What is the units digit of q?
4
Let y(f) = 2*f**2 + 12*f. Let b(d) = 3*d**2 + 13*d. Let o(x) = -3*b(x) + 4*y(x). Let l be o(9). Suppose 4*q - 21 + 1 = l. What is the units digit of q?
5
Let f be ((-1)/3)/((-6)/54). Suppose -5*s = -4*j - 52 - 18, f*s - 50 = 4*j. What is the units digit of s?
0
Suppose -2*n - 2 = m + 1, 5*m - 2*n - 45 = 0. What is the units digit of m?
7
Let l(f) = -f + 21*f**2 + 4 - 3*f**2 + 10*f**2 - 3. Let v be l(1). Suppose 0 = -2*m + 6*m - v. What is the units digit of m?
7
Suppose -2*f = 2*f + 12. Let t be f/9 - 40/6. Let b = t + 13. What is the units digit of b?
6
Let s = -12 + 2. Let t be -3 + 1 - (-38)/2. Let w = t + s. What is the units digit of w?
7
Suppose -2*q = -4*r + 20, -6*r = -2*r + 3*q. Suppose 5*a - 5*s + 50 = 0, -2*s = -r*a - 0 - 35. What is the units digit of a/(-3) - 2 - 2?
1
Suppose -48 - 36 = 3*o. Let f = -17 - o. What is the units digit of f?
1
Let h(d) = 54*d + 1. Let f be h(1). Let s = -12 + f. What is the tens digit of s?
4
Suppose 0 = 5*w + 77 - 27. Let p = w - -10. Suppose k - 8 - 10 = p. What is the units digit of k?
8
Suppose -x = -4*r + 17, -8*x + 6*x - 22 = -4*r. What is the units digit of r?
3
Suppose 5*j - 1100 = -5*y, 4*j + 7*y - 9*y = 892. What is the hundreds digit of j?
2
Suppose 5*m - 48 = -g, -4*m - 2*g = -0*g - 42. Let l = -6 + m. What is the units digit of l?
3
Let q be ((-3)/(-5))/(1/5). Suppose 20 = q*k + k. What is the units digit of k?
5
Let u(i) = 12*i**2 + 10*i + 4. Let w(n) = -n. Let x(h) = u(h) + 5*w(h). Let m be x(-3). Suppose c + 54 = 3*a, -6*a + a = -4*c - m. What is the units digit of a?
7
Let i = -3 - 2. Let o = -5 + i. What is the units digit of (-134)/o - (-14)/(-35)?
3
Suppose -4*h = 85 + 55. Let q = h + 58. What is the units digit of q?
3
Suppose 5*w = -20, -5*w - 70 = -3*h - 4*w. What is the units digit of h?
2
Suppose 17 = 5*k - u - 379, -2*k + 3*u + 161 = 0. What is the tens digit of k?
7
What is the tens digit of (40 - -6) + (-2 - 2)?
4
What is the tens digit of (-404)/(-6) - (-12)/(-9)?
6
What is the units digit of ((-1)/1)/((-16)/80)?
5
Suppose -5*f - 3 + 23 = 0. Let y = -1 - 0. Let h = y + f. What is the units digit of h?
3
Suppose -2*u - 27 = 4*h + h, 3*u - 19 = h. Let v(y) = 2*y**2 + 0 - 3*y**2 + 3 - 8*y. What is the tens digit of v(h)?
1
Suppose -k = -2*k + 48. Suppose 0*f + k = 2*f. What is the units digit of f?
4
Let o = 149 - 115. What is the units digit of o?
4
Suppose 39 = m + 12. What is the units digit of m?
7
Let w be 12/(-8)*(-16)/6. Suppose -a - a = 4*j - w, -4*j = -2*a + 12. Suppose 2*k - z = a*z + 8, 2*k - 32 = -z. What is the units digit of k?
4
Let v = 8 + -1. What is the units digit of v?
7
Let i(y) = -4*y + 7. Let f be i(-8). Let z = f - 27. Suppose -z - 4 = -4*u. What is the units digit of u?
4
Suppose p - 2*h = 30, 10*p - 5*p = 3*h + 150. Suppose -2*i + p = -32. What is the units digit of i?
1
Suppose -5*l - 6 = -56. What is the tens digit of l?
1
Suppose 5*x - 4*o = 6, -3*o - 2*o = -3*x + 1. What is the units digit of x?
2
Let i be (-30)/(-50) - 2/(-5). Suppose -7*t + i = -6*t. What is the units digit of t?
1
